 factors of 907908.
2, 3, 75659
What are the prime factors of 18055311?
3, 1879, 3203
List the prime factors of 160770.
2, 3, 5, 23, 233
List the prime factors of 601118.
2, 7, 42937
What are the prime factors of 1687382?
2, 61, 13831
What are the prime factors of 3239893?
61, 53113
What are the prime factors of 30943?
11, 29, 97
What are the prime factors of 11077?
11, 19, 53
What are the prime factors of 3740309?
3740309
List the prime factors of 1492383.
3, 497461
List the prime factors of 20865156.
2, 3, 13, 131, 1021
List the prime factors of 79342.
2, 39671
What are the prime factors of 9879223?
9879223
List the prime factors of 116700.
2, 3, 5, 389
List the prime factors of 452731.
452731
List the prime factors of 2746102.
2, 1373051
What are the prime factors of 109426?
2, 54713
What are the prime factors of 25626635?
5, 5125327
List the prime factors of 272842.
2, 136421
List the prime factors of 6725.
5, 269
What are the prime factors of 2675620?
2, 5, 133781
What are the prime factors of 164605?
5, 7, 4703
What are the prime factors of 17839335?
3, 5, 197, 6037
What are the prime factors of 16690966?
2, 43, 421, 461
What are the prime factors of 2329982?
2, 1164991
List the prime factors of 96912.
2, 3, 673
List the prime factors of 1292863.
11, 13, 9041
List the prime factors of 496729.
251, 1979
List the prime factors of 286049.
286049
What are the prime factors of 259154?
2, 7, 107, 173
What are the prime factors of 22969848?
2, 3, 11, 167, 521
List the prime factors of 39676278.
2, 3, 2053, 3221
What are the prime factors of 75994?
2, 37997
List the prime factors of 337110.
2, 3, 5, 17, 661
List the prime factors of 300341.
157, 1913
What are the prime factors of 161028?
2, 3, 7, 71
List the prime factors of 530411.
7, 75773
List the prime factors of 776122.
2, 281, 1381
List the prime factors of 1110878.
2, 555439
List the prime factors of 216511.
317, 683
What are the prime factors of 569179?
13, 43783
List the prime factors of 1695135.
3, 5, 13, 8693
List the prime factors of 1195444.
2, 298861
List the prime factors of 1850446.
2, 13, 71171
List the prime factors of 1950640.
2, 5, 37, 659
List the prime factors of 295895.
5, 23, 31, 83
List the prime factors of 117375.
3, 5, 313
List the prime factors of 10265876.
2, 2566469
What are the prime factors of 304511?
304511
What are the prime factors of 673291?
673291
What are the prime factors of 9896303?
9896303
List the prime factors of 387677.
387677
List the prime factors of 106372.
2, 7, 29, 131
What are the prime factors of 3627984?
2, 3, 75583
List the prime factors of 5462943.
3, 97, 18773
List the prime factors of 215850.
2, 3, 5, 1439
What are the prime factors of 1569939?
3, 7, 74759
What are the prime factors of 183184?
2, 107
What are the prime factors of 2336128?
2, 18251
What are the prime factors of 3776124?
2, 3, 11, 28607
What are the prime factors of 581044?
2, 29, 5009
List the prime factors of 114199.
114199
What are the prime factors of 429657?
3, 197, 727
What are the prime factors of 2172397?
2172397
List the prime factors of 257781.
3, 29, 2963
List the prime factors of 1886695.
5, 377339
List the prime factors of 426115.
5, 85223
What are the prime factors of 30850427?
17, 683, 2657
List the prime factors of 1085282.
2, 11, 49331
List the prime factors of 351163.
433, 811
List the prime factors of 373952.
2, 5843
What are the prime factors of 10292698?
2, 13, 395873
List the prime factors of 76144.
2, 4759
What are the prime factors of 225769?
225769
List the prime factors of 2544684.
2, 3, 212057
What are the prime factors of 341743?
341743
List the prime factors of 309683.
11, 47, 599
List the prime factors of 582991.
571, 1021
What are the prime factors of 51973?
51973
List the prime factors of 1513359.
3, 168151
List the prime factors of 164690.
2, 5, 43, 383
What are the prime factors of 628650?
2, 3, 5, 11, 127
What are the prime factors of 313605?
3, 5, 23, 101
What are the prime factors of 1506231?
3, 29, 199
List the prime factors of 235070.
2, 5, 11, 2137
What are the prime factors of 278669?
191, 1459
List the prime factors of 283459.
11, 73, 353
What are the prime factors of 36695?
5, 41, 179
List the prime factors of 16771863.
3, 409, 13669
What are the prime factors of 3133082?
2, 61, 421
List the prime factors of 1916657.
431, 4447
List the prime factors of 506570.
2, 5, 179, 283
What are the prime factors of 532408?
2, 61, 1091
What are the prime factors of 415784?
2, 51973
What are the prime factors of 1708349?
53, 32233
List the prime factors of 1320489.
3, 48907
What are the prime factors of 205902?
2, 3, 31, 41
What are the prime factors of 13744820?
2, 5, 829
What are the prime factors of 6734580?
2, 3, 5, 107, 1049
What are the prime factors of 2101740?
2, 3, 5, 23, 1523
What are the prime factors of 1146660?
2, 3, 5, 29, 659
List the prime factors of 1601616.
2, 3, 61, 547
List the prime factors of 3071140.
2, 5, 153557
What are the prime factors of 842675?
5, 37, 911
What are the prime factors of 489342?
2, 3, 7, 61, 191
List the prime factors of 26525.
5, 1061
What are the prime factors of 2385302?
2, 1192651
What are the prime factors of 611108?
2, 152777
What are the prime factors of 49412?
2, 11, 1123
List the prime factors of 989922.
2, 3, 164987
List the prime factors of 2359313.
11, 214483
List the prime factors of 2195457.
3, 11, 66529
List the prime factors of 111614.
2, 55807
List the prime factors of 37772.
2, 7, 19, 71
List the prime factors of 838401.
3, 101, 2767
List the prime factors of 1768737.
3, 589579
What are the prime factors of 449814?
2, 3, 61, 1229
List the prime factors of 881146.
2, 7, 62939
List the prime factors of 4800541.
4800541
List the prime factors of 23408166.
2, 3, 449, 8689
What are the prime factors of 322634?
2, 13, 12409
List the prime factors of 2437251.
3, 31, 73, 359
List the prime factors of 1906781.
53, 35977
What are the prime factors of 1946158?
2, 557, 1747
What are the prime factors of 298468?
2, 29, 31, 83
What are the prime factors of 2134526?
2, 1067263
What are the prime factors of 382299?
3, 19, 353
What are the prime factors of 240079?
7, 34297
List the prime factors of 7338965.
5, 157, 9349
List the prime factors of 1985260.
2, 5, 17, 5839
List the prime factors of 3766064.
2, 113, 2083
What are the prime factors of 23199347?
23199347
List the prime factors of 3293287.
3293287
What are the prime factors of 28405078?
2, 13, 59, 18517
List the prime factors of 3395661.
3, 19, 41, 1453
List the prime factors of 2028299.
7, 13, 31, 719
List the prime factors of 345592.
2, 13, 3323
List the prime factors of 340617.
3, 113539
List the prime factors of 771713.
631, 1223
List the prime factors of 1578247.
11, 143477
What are the prime factors of 1467728?
2, 91733
List the prime factors of 21382.
2, 10691
What are the prime factors of 183244?
2, 61, 751
List the prime factors of 932607.
3, 13, 2657
What are the prime factors of 3127800?
2, 3, 5, 13, 401
List the prime factors of 168746.
2, 139, 607
What are the prime factors of 1521579?
3, 507193
What are the prime factors of 157723?
109, 1447
What are the prime factors of 62525?
5, 41, 61
List the prime factors of 88400.
2, 5, 13, 17
List the prime factors of 11922474.
2, 3, 17, 179, 653
List the prime factors of 1218215.
5, 243643
List the prime factors of 313770.
2, 3, 5, 10459
List the prime factors of 15817460.
2, 5, 311, 2543
What are the prime factors of 3643826?
2, 1821913
List the prime factors of 2020314.
2, 3, 17, 29, 683
What are the prime factors of 775682?
2, 31, 12511
What are the prime factors of 47520?
2, 3, 5, 11
What are the prime factors of 978156?
2, 3, 3019
What are the prime factors of 877973?
37, 61, 389
What are the prime factors of 11439488?
2, 89371
List the prime factors of 2756426.
2, 37, 193
List the prime factors of 482056.
2, 60257
List the prime factors of 6128541.
3, 29, 2609
List the prime factors of 13284012.
2, 3, 7, 158143
What are the prime factors of 166200?
2, 3, 5, 277
List the prime factors of 472045.
5, 7, 13487
List the prime factors of 438816.
2, 3, 7, 653
What are the prime factors of 375509?
375509
List the prime factors of 3970203.
3, 193, 6857
List the prime factors of 36762380.